 - (-9 - (41 - -4)).
14
(7 - (10 + -13) - (-2 + (17 - 2))) + 28
25
Calculate 0 - -1 - (1 - 6) - (-606 + 416 - -280).
-84
What is the value of -23 - 1 - (29 + (-21 - 2))?
-30
What is the value of -49 - (3 + -34 + (58 - 86) + 49)?
-39
What is the value of (35 - (-21 - 10)) + -16?
50
-38 + 5 + -4 + (5 + (4 - 11) - 9)
-48
Calculate -18 + (72 - 44 - -47).
57
Evaluate -18 + -159 + 0 + 70.
-107
Evaluate 1 - (5 + 2 + -6 - (-220 + 220)).
0
What is the value of -23 + 3 + -19 - (7 - 7 - 5)?
-34
What is the value of -10 + (-219 - -287 - (-1 - 18))?
77
(1 - 1) + (29 - 92) + 71
8
Calculate -41 + 36 - ((-43 - (6 - 4)) + 1).
39
47 + 1 - ((2 - (37 - 43)) + -20)
60
What is 51 + -17 + 19 - ((11 - 4) + -1)?
47
Calculate (-305 + 491 - 177) + -48 + 1 + -2.
-40
Evaluate 9 - (-1 + -5 + -14 + 19).
10
Evaluate -1317 - -1381 - (0 - -12).
52
-122 + (-54 - -86) + 135
45
-11 + 0 + (14 - (8 + 5) - -15) + -8
-3
What is the value of 4 + (9 - (-16 - -5)) + -38 + 52?
38
-110 - -122 - (17 + 38)
-43
Evaluate 12 + (-22 + 18 + 13 - 7) + -10.
4
Evaluate -3 + 20 + (-75 - -13).
-45
26 + (11 - -3) + -60 + 27
7
Calculate -4 - (0 - (49 - 4) - 21).
62
What is 24 - (-15 - -16 - (1 - -20)) - 1?
43
What is 10 + -5 + 36 + -10 - (73 + -62)?
20
What is (1 + 8 + -8 - 50 - 7) + 0 + 9?
-47
Evaluate (-24 + (0 + -3 - -4) - -13) + -4 + -2.
-16
Evaluate -30 + -1 - (37 + -15 + 1 - 36).
-18
Evaluate -22 + 12 - (5 + 13 + 0).
-28
Evaluate -81 + (2 - 1) - 0 - (0 + 0 + -6).
-74
(-1 - 10 - (100 + -143)) + 12
44
What is 24 + -5 + -17 - (-6 + 6 + -2)?
4
Calculate (-5 + (-4 - -7) - -2) + (359 - 350).
9
What is 6 - (1 + -11 + 18 - (2 + (7 - 7)))?
0
What is the value of -446 - -435 - (0 + 0 - -3)?
-14
(-17 - (5 + -14) - 54) + 13 + (-4 - -4)
-49
What is the value of 5 + 5 + 3 - (-2934 + 2983)?
-36
What is 6 - (54 + 18 - (6 - 1)) - (46 - 43)?
-64
What is the value of -459 - -416 - (-5 - (0 - 4))?
-42
Evaluate (-1 + -3 + 5 - -8 - (-88 + 93)) + -62.
-58
What is the value of (143 - (47 + 348)) + 129?
-123
What is the value of -69 + 1 + (-121 - (-108 + -20))?
-61
Evaluate 59 + -86 + 30 - (21 - -6).
-24
What is the value of -20 + 10 + 22 + 0 + -4 + 1 - 71?
-62
Evaluate (11 + -26 - (11 + -30)) + -18.
-14
What is -9 + 1 + (-26 - ((-5 - 20) + 10)) + 79?
60
(-19 - -9) + (1 + -8 - (-131 - -57))
57
What is 30 - (6 + (18 - 4))?
10
Evaluate -80 + (137 - 32) - -87.
112
What is the value of 11 + -14 + (5 - 4) - (14 + -39)?
23
Evaluate -29 + (-3 - 6) + 0 + 5 + -8.
-41
What is (0 - (-12 - (24 + -23))) + -67 - (-10 + 0)?
-44
Calculate (-14 - 65) + 114 + -5.
30
Evaluate (13 - (12 + -27)) + (-1 - (4 - -4)).
19
What is the value of -21 + 38 + -28 + -35?
-46
0 - 116 - ((33 - 48) + -7 + -4 + 14)
-104
Evaluate (-97 - (-3 - -17)) + 150.
39
What is the value of 265 + -318 - (61 + 5)?
-119
(-1 - (-86 + 57)) + 2
30
Calculate -345 + 329 - (-3 + (20 - -1)).
-34
Calculate 170 + -187 - ((-81 - 12) + 7).
69
Evaluate 44 + -30 + (25 - 6).
33
18 + (-200 - -87) + -2
-97
-40 - ((-3 - -21) + 15)
-73
Evaluate -105 + (12 + 5 - ((10 - -3 - 9) + 10)).
-102
What is the value of (2 - 5) + -4 - 31 - (17 + (-1 - 8))?
-46
What is the value of -10 - (16 - ((17 - (22 + -15)) + 26))?
10
What is -10 - -2 - (5 + (12 + -29 - -25))?
-21
What is the value of (-4 - -1) + 24 - (-8 - (-8 - 13) - 26)?
34
What is the value of (1 - -14 - 7) + 9 + 30?
47
What is -56 + (184 - 43) + -12?
73
What is the value of (-60 - -33) + (-18 - 0)?
-45
Evaluate 55 + (-52 + 27 - 1).
29
-1770 + 1765 - (-19 - (3 + 5 + -3 + -6))
13
369 + -416 - (-5 + -13)
-29
Evaluate 34 + -8 + 34 + -12 + -12.
36
What is the value of 1 - -59 - (-5922 + 5964)?
18
What is the value of (353 - 361) + (0 - 9) + -123?
-140
Evaluate -179 + 62 + -16 + 51.
-82
What is the value of -54 - -96 - (-10 + 4 + 14)?
34
Evaluate 43 + -63 + (43 - 9).
14
-81 - ((8 + 14 - 18) + -22) - (1 - 14)
-50
Evaluate -61 - (12 + -22 - (-3 + -8)).
-62
What is -43 + (24 - (36 - 58)) + 99?
102
What is the value of -52 + (82 - 59) - (0 + -11)?
-18
(0 + (-4 - (-5 + 13)) - (-4 - 0)) + -45
-53
Evaluate (89 - 49 - -22) + 31.
93
Calculate -18 - (-1 + 0) - ((-189 - -153) + -1 + 29).
-9
Evaluate -12 + (-2 - (-15 + -12 + 31)).
-18
Evaluate -2 - (16 + -91 + 84 + (0 - 46)).
35
What is the value of -3 + 3 + -13 + (-101 - -103) - (-1 + 35)?
-45
-10 + 2 + 12 + (115 - 109)
10
What is the value of 3 + (6 - 14 - -16) - (-22 + -12 + -13)?
58
Evaluate (-11 - 1) + 6344 + -6405.
-73
Calculate 18 - (13 - (2 - -47) - -25).
29
Evaluate 3 - 11 - ((26 - 0) + (96 - 109)).
-21
Evaluate 91 - 99 - (-3 + 32).
-37
What is the value of 81 + -105 + 115 + -22 + 7?
76
Calculate 19 + (-11 + 17 - 24) + -2.
-1
What is the value of -15 + -2 + 30 + -582 + 612?
43
Evaluate 55 + (0 - 62) + -44.
-51
Evaluate 36 + -29 + (-79 + 7 - 7) - 2.
-74
Evaluate -7 + 16 + -3 - (-14 - (-2 + -64)).
-46
Evaluate -5 - (-32 - (13 + (2 - 8)) - 5 - -9).
30
What is the value of (3 + -6 - 114) + (-59 - -62) + -13?
-127
Evaluate -14 + 31 + 0 + -23.
-6
6 + (-11 - -66 - 143)
-82
Evaluate -272 + 114 + (-22 - -96).
-84
Evaluate (-3 - -12 - -9 - -7) + 19.
44
-4 - (11 + (-7 - (15 + -5 + 1)))
3
Calculate 13 - -191 - 216 - (0 + 3 - -7).
-22
What is the value of -9 + 2 + (0 - 2) + (-239 - -48 - -177)?
-23
Evaluate -1 - 3 - -1 - (23 - (8 + 16) - 1).
-1
What is 192 + -172 + (3 - 27) - (-1 + 70)?
-73
What is (-220 - -233) + (1 - 2) + -1 + 0 + -47?
-36
What is (-38 - -112) + -91 + 59 + 0?
42
Evaluate (17 - 16 - 3) + -2 + 22 - (51 + -44).
11
-212 + (290 + -7 - 148)
-77
-173 + 179 + (-1 - -14) - 34
-15
Calculate 0 + 20 + (695 - 729) + 52.
38
(49 - -14 - 53) + -2 + -8 - 23
-23
Calculate (2 + 21 - 3) + -3 - 21.
-4
Calculate (31 - 2) + (104 - 132).
1
(13 - (0 - -3) - 5) + (-74 - -2 - -34)
-33
What is the value of 21 - (8 - 14) - 36?
-9
What is the value of -2 + (3 + -4 - -7) + 140 + -58 + -80?
6
What is (-30 - 1) + (-354 - -393)?
8
What is the value of (-1 - (32 - 2)) + (-30 - -26) + -9?
-44
-179 + 174 + -1 + 41 + (-7 - -4)
32
What is the value of 6 + 1 + (26 - 0 - (368 - 322))?
-13
What is -34 + -642 + 622 + (7 - (4 + -2) - -1)?
-48
What is the value of 12 - (-8 - ((-24 - 2) + 17)) - 101?
-90
Calculate 0 - 0 - -20 - (483 - 249 - 291).
77
(-61 - (43 + 0)) + 37
-67
Evaluate -101 - -26 - -31 - -23.
-21
What is the value of 11 - (-11 + -4 - (-12 - 0)) - -61?
75
What is 12 - (-37 - -5 - (36 - 63))?
17
What is the value of -79 + 254 + -116 + -15?
44
(2 - -1 - (33 + 1)) + 130 + -195 + 65
-31
-4 - 25 - (4 + -1 + -21 - -14)
-25
What is the value of -18 - (7 - -1 - 12) - 22?
-36
4 + -5 + 16 - (7 + (-38 - 11))
57
Evaluate -6 - (26 - (16 + -11) - 3).
-24
Calculate -42 - (-29 + -84 + 93 - (-21 - -1)).
-42
Evaluate 10 + -5 + -7 + (6 + 14 - 14) + -16.
-12
What is the value of (-16 - (-50 + -5)) + -3 + 30?
66
What is the value of -67 + 1 + (-19 - (-41 - (-10 - 10)))?
-64
Calculate ((-17 + 5 - 9) + 5 - -25) + -68.
-59
What is the value of -331 + 866 + -404 + -33 + 0?
98
106 + (192 - 193) + (-8 - -2) + 2
101
Calculate (-6 - -3 - (-4 + -9 - 4)) + -81.
-67
What is the value of (-1969 - -1915) + 19 + -1 - -127?
91
Evaluate (0 - (-5 + (1 - -1))) + (580 - 617).
-34
What is the value of -1 + -5 + 9 + -28 - (-158 + 144)?
-11
What is (-52 - -1) + (28 + -81 + 20 + 6 - -32)?
-46
What is the value of (37 - -76 - 33) + -1?
79
23 + 1 + (7 - 6) + -10 + -14 + 10
11
Calculate -2 - (-18 - (-3 + 2) - (50 - 99 - -38)).
4
What is the value of -1 + -14 + (-1256 - -1183)?
-88
What is 0 - -35 - ((166 - 61) + -2)?
-68
What is the value of 7 - (47 - (-13 + -11 + 18))?
-46
Calculate -15 + -32 + 46 + 19 - 58.
-40
Evaluate (0 - -1) + -36 - (-9795 - -9798).
-38
What is the value of 21 - (-3 - (-25 - -2) - 20)?
21
-38 + (120 + -98 - -87)
71
Evaluate -4 + 2 + 7 + (-11 - -12) - (108 - 59).
-43
Calculate -5 + 7 + -8 + (-7 - (-13 - -12)) - -23.
11
81 + -91 + (-3 - (6 + -3)) + 68
52
(11 - 5 - (-17 - -8)) + 9
24
20 + (3 + 5 + (11 - 17) - -11)
33
Evaluate -95 - (3 + -14 - 39).
-45
What is the value of 4 - (12 + -17 + (39 - 19))?
-11
What is -30 + 63 - (4 + 6)?
23
Calculate (-12 - (4 - 2)) + 19 + (-65 - -21).
-39
What is the value of -50 + (1 - -15) + 32?
-2
Evaluate -511 + 523 - (6 + -11).
17
Evaluate 44 + -5 - (73 + -29) - -37.
32
What is -9194 + 9309 + -2 + -37?
76
Evaluate -37 + -50 + 91 + (-3 - 40).
-39
What is 4541 + -4541 + 12 + (-5 + 2 - -2)?
11
-336 + 309 + 72 + -11
34